124.223.193.19 - - [05/Oct/2022:18:26:12 -0700] "GET / HTTP/1.1" 200 309 "http://www.elitemetrocorp.com" "Mozilla/5.0 (Linux; Android 6.0; Nexus 5 Build/MRA58N) AppleWebKit/537.36 (KHTML, like Gecko) Chrome/81.0.4044.138 Mobile Safari/537.36" "www.elitemetrocorp.com"
23.29.32.74 - - [05/Oct/2022:18:58:45 -0700] "GET / HTTP/1.1" 200 309 "-" "Mozilla/5.0 (X11; Linux x86_64) AppleWebKit/535.21 (KHTML, like Gecko) Chrome/19.0.1042.0 Safari/535.21" "elitemetrocorp.com"
2.57.122.157 - - [05/Oct/2022:19:45:47 -0700] "GET / HTTP/1.1" 200 309 "-" "Mozilla/5.0 (X11; CrOS x86_64 8172.45.0) AppleWebKit/537.36 (KHTML, like Gecko) Chrome/51.0.2704.64 Safari/537.36" "www.elitemetrocorp.com"
2.57.122.157 - - [05/Oct/2022:19:45:47 -0700] "GET /favicon.ico HTTP/1.1" 404 88 "-" "Mozilla/5.0 (X11; CrOS x86_64 8172.45.0) AppleWebKit/537.36 (KHTML, like Gecko) Chrome/51.0.2704.64 Safari/537.36" "www.elitemetrocorp.com"
2.57.122.157 - - [05/Oct/2022:19:45:47 -0700] "GET / HTTP/1.1" 200 309 "-" "Mozilla/5.0 (X11; Linux x86_64) AppleWebKit/537.36 (KHTML, like Gecko) Chrome/74.0.3729.169 Safari/537.36" "www.elitemetrocorp.com"
20.243.96.249 - - [05/Oct/2022:19:48:21 -0700] "GET /wp-load.php HTTP/1.1" 200 309 "www.bing.com" "wp_is_mobile" "www.elitemetrocorp.com"
20.243.96.249 - - [05/Oct/2022:19:48:27 -0700] "GET /wp-load.php HTTP/1.1" 200 309 "www.bing.com" "wp_is_mobile" "www.elitemetrocorp.com"
20.243.96.249 - - [05/Oct/2022:19:48:31 -0700] "GET /style.php HTTP/1.1" 200 309 "www.bing.com" "wp_is_mobile" "www.elitemetrocorp.com"
20.243.96.249 - - [05/Oct/2022:19:48:33 -0700] "GET /wp-admin/style.php HTTP/1.1" 200 309 "www.bing.com" "wp_is_mobile" "www.elitemetrocorp.com"
20.243.96.249 - - [05/Oct/2022:19:48:37 -0700] "GET /s_e.php HTTP/1.1" 200 309 "www.bing.com" "wp_is_mobile" "www.elitemetrocorp.com"
20.243.96.249 - - [05/Oct/2022:19:48:41 -0700] "GET /s_ne.php HTTP/1.1" 200 309 "www.bing.com" "wp_is_mobile" "www.elitemetrocorp.com"
20.243.96.249 - - [05/Oct/2022:19:48:47 -0700] "GET /1index.php HTTP/1.1" 200 309 "www.bing.com" "Mozilla/5.0 (Windows NT 10.0; Win64; x64) AppleWebKit/537.36 (KHTML, like Gecko) Chrome/90.0.4430.85 Safari/537.36" "www.elitemetrocorp.com"
20.243.96.249 - - [05/Oct/2022:19:48:52 -0700] "GET /radio.php HTTP/1.1" 200 309 "www.bing.com" "wp_is_mobile" "www.elitemetrocorp.com"
20.243.96.249 - - [05/Oct/2022:19:48:56 -0700] "GET /doc.php HTTP/1.1" 200 309 "www.bing.com" "wp_is_mobile" "www.elitemetrocorp.com"
20.243.96.249 - - [05/Oct/2022:19:49:01 -0700] "GET /wp_wrong_datlib.php HTTP/1.1" 200 309 "www.bing.com" "Mozilla/5.0 (Windows NT 10.0; Win64; x64) AppleWebKit/537.36 (KHTML, like Gecko) Chrome/90.0.4430.85 Safari/537.36" "www.elitemetrocorp.com"
20.243.96.249 - - [05/Oct/2022:19:49:46 -0700] "GET /beence.php HTTP/1.1" 200 309 "www.bing.com" "Mozilla/5.0 (Windows NT 10.0; Win64; x64) AppleWebKit/537.36 (KHTML, like Gecko) Chrome/90.0.4430.85 Safari/537.36" "www.elitemetrocorp.com"
20.243.96.249 - - [05/Oct/2022:19:49:53 -0700] "GET /ups.php HTTP/1.1" 200 309 "www.bing.com" "wp_is_mobile" "www.elitemetrocorp.com"
20.243.96.249 - - [05/Oct/2022:19:49:58 -0700] "GET /wp-signin.php?dizo&ping HTTP/1.1" 200 309 "www.bing.com" "wp_is_mobile" "www.elitemetrocorp.com"
20.243.96.249 - - [05/Oct/2022:19:50:02 -0700] "GET /media-admin.php HTTP/1.1" 200 309 "www.bing.com" "wp_is_mobile" "www.elitemetrocorp.com"
20.243.96.249 - - [05/Oct/2022:19:50:08 -0700] "GET /export.php HTTP/1.1" 200 309 "www.bing.com" "Mozilla/5.0 (Windows NT 10.0; Win64; x64) AppleWebKit/537.36 (KHTML, like Gecko) Chrome/90.0.4430.85 Safari/537.36" "www.elitemetrocorp.com"
20.243.96.249 - - [05/Oct/2022:19:50:10 -0700] "GET /wp-content/export.php HTTP/1.1" 200 309 "www.bing.com" "Mozilla/5.0 (Windows NT 10.0; Win64; x64) AppleWebKit/537.36 (KHTML, like Gecko) Chrome/90.0.4430.85 Safari/537.36" "www.elitemetrocorp.com"
20.243.96.249 - - [05/Oct/2022:19:50:14 -0700] "GET /wp-includes/wp-class.php HTTP/1.1" 200 309 "www.bing.com" "wp_is_mobile" "www.elitemetrocorp.com"
20.243.96.249 - - [05/Oct/2022:19:50:21 -0700] "GET /wp-includes/wp-atom.php HTTP/1.1" 200 309 "www.bing.com" "Mozilla/5.0 (Windows NT 10.0; Win64; x64) AppleWebKit/537.36 (KHTML, like Gecko) Chrome/90.0.4430.85 Safari/537.36" "www.elitemetrocorp.com"
20.243.96.249 - - [05/Oct/2022:19:50:32 -0700] "GET /wp-includes/images/css.php HTTP/1.1" 200 309 "www.bing.com" "Mozilla/5.0 (Windows NT 10.0; Win64; x64) AppleWebKit/537.36 (KHTML, like Gecko) Chrome/90.0.4430.85 Safari/537.36" "www.elitemetrocorp.com"
20.243.96.249 - - [05/Oct/2022:19:50:32 -0700] "GET /wp-includes/css/css.php HTTP/1.1" 200 309 "www.bing.com" "Mozilla/5.0 (Windows NT 10.0; Win64; x64) AppleWebKit/537.36 (KHTML, like Gecko) Chrome/90.0.4430.85 Safari/537.36" "www.elitemetrocorp.com"
20.243.96.249 - - [05/Oct/2022:19:50:35 -0700] "GET /defau1t.php HTTP/1.1" 200 309 "www.bing.com" "Mozilla/5.0 (Windows NT 10.0; Win64; x64) AppleWebKit/537.36 (KHTML, like Gecko) Chrome/90.0.4430.85 Safari/537.36" "www.elitemetrocorp.com"
20.243.96.249 - - [05/Oct/2022:19:50:41 -0700] "GET /moduless.php HTTP/1.1" 200 309 "www.bing.com" "Mozilla/5.0 (Windows NT 10.0; Win64; x64) AppleWebKit/537.36 (KHTML, like Gecko) Chrome/90.0.4430.85 Safari/537.36" "www.elitemetrocorp.com"
20.243.96.249 - - [05/Oct/2022:19:50:45 -0700] "GET /wp-booking.php HTTP/1.1" 200 309 "www.bing.com" "wp_is_mobile" "www.elitemetrocorp.com"
20.243.96.249 - - [05/Oct/2022:19:50:50 -0700] "GET /wp-content/plugins/backup_index.php HTTP/1.1" 200 309 "www.bing.com" "wp_is_mobile" "www.elitemetrocorp.com"
20.243.96.249 - - [05/Oct/2022:19:50:56 -0700] "GET /wp-content/mu-plugins/db-safe-mode.php HTTP/1.1" 200 309 "www.bing.com" "wp_is_mobile" "www.elitemetrocorp.com"
20.243.96.249 - - [05/Oct/2022:19:51:00 -0700] "GET /wp-includes/css/wp-config.php HTTP/1.1" 200 309 "www.bing.com" "wp_is_mobile" "www.elitemetrocorp.com"
20.243.96.249 - - [05/Oct/2022:19:51:04 -0700] "GET /config.bak.php HTTP/1.1" 200 309 "www.bing.com" "wp_is_mobile" "www.elitemetrocorp.com"
20.243.96.249 - - [05/Oct/2022:19:51:06 -0700] "GET /wp-content/themes/config.bak.php HTTP/1.1" 200 309 "www.bing.com" "wp_is_mobile" "www.elitemetrocorp.com"
20.243.96.249 - - [05/Oct/2022:19:51:10 -0700] "GET /legion.php HTTP/1.1" 200 309 "www.bing.com" "wp_is_mobile" "www.elitemetrocorp.com"
20.243.96.249 - - [05/Oct/2022:19:51:17 -0700] "GET /wp-content/plugins/wpconfig.bak.php?act=sf HTTP/1.1" 200 309 "www.bing.com" "Mozilla/5.0 (Windows NT 10.0; Win64; x64) AppleWebKit/537.36 (KHTML, like Gecko) Chrome/90.0.4430.85 Safari/537.36" "www.elitemetrocorp.com"
20.243.96.249 - - [05/Oct/2022:19:51:22 -0700] "GET /wp-plugins.php HTTP/1.1" 200 309 "www.bing.com" "wp_is_mobile" "www.elitemetrocorp.com"
20.243.96.249 - - [05/Oct/2022:19:51:26 -0700] "GET /gank.php.PhP HTTP/1.1" 200 309 "www.bing.com" "wp_is_mobile" "www.elitemetrocorp.com"
20.243.96.249 - - [05/Oct/2022:19:51:31 -0700] "GET /wp-content/db-cache.php HTTP/1.1" 200 309 "www.bing.com" "wp_is_mobile" "www.elitemetrocorp.com"
20.243.96.249 - - [05/Oct/2022:19:51:37 -0700] "GET /archives.php HTTP/1.1" 200 309 "www.bing.com" "Mozilla/5.0 (Windows NT 10.0; Win64; x64) AppleWebKit/537.36 (KHTML, like Gecko) Chrome/90.0.4430.85 Safari/537.36" "www.elitemetrocorp.com"
20.243.96.249 - - [05/Oct/2022:19:51:43 -0700] "GET /defau11.php HTTP/1.1" 200 309 "www.bing.com" "Mozilla/5.0 (Windows NT 10.0; Win64; x64) AppleWebKit/537.36 (KHTML, like Gecko) Chrome/90.0.4430.85 Safari/537.36" "www.elitemetrocorp.com"
20.243.96.249 - - [05/Oct/2022:19:51:50 -0700] "GET /wp-content/outcms.php?up HTTP/1.1" 200 309 "www.bing.com" "wp_is_mobile" "www.elitemetrocorp.com"
20.243.96.249 - - [05/Oct/2022:19:51:54 -0700] "GET /system_log.php?bala=up HTTP/1.1" 200 309 "www.bing.com" "wp_is_mobile" "www.elitemetrocorp.com"
20.243.96.249 - - [05/Oct/2022:19:51:57 -0700] "GET /wp-backup-sql-302.php HTTP/1.1" 200 309 "www.bing.com" "wp_is_mobile" "www.elitemetrocorp.com"
20.243.96.249 - - [05/Oct/2022:19:52:02 -0700] "GET /error.php?phpshells HTTP/1.1" 200 309 "www.bing.com" "wp_is_mobile" "www.elitemetrocorp.com"
20.243.96.249 - - [05/Oct/2022:19:52:07 -0700] "GET /ALFA_DATA HTTP/1.1" 200 309 "www.bing.com" "wp_is_mobile" "www.elitemetrocorp.com"
20.243.96.249 - - [05/Oct/2022:19:52:10 -0700] "GET /alfacgiapi HTTP/1.1" 200 309 "www.bing.com" "wp_is_mobile" "www.elitemetrocorp.com"
20.243.96.249 - - [05/Oct/2022:19:52:15 -0700] "GET /cgialfa HTTP/1.1" 200 309 "www.bing.com" "wp_is_mobile" "www.elitemetrocorp.com"
20.243.96.249 - - [05/Oct/2022:19:52:36 -0700] "GET /wp-content/uploads/ALFA_DATA HTTP/1.1" 200 309 "www.bing.com" "wp_is_mobile" "www.elitemetrocorp.com"
20.243.96.249 - - [05/Oct/2022:19:52:40 -0700] "GET /wp-content/uploads/alfacgiapi HTTP/1.1" 200 309 "www.bing.com" "wp_is_mobile" "www.elitemetrocorp.com"
20.243.96.249 - - [05/Oct/2022:19:52:44 -0700] "GET /wp-content/uploads/cgialfa HTTP/1.1" 200 309 "www.bing.com" "wp_is_mobile" "www.elitemetrocorp.com"
20.243.96.249 - - [05/Oct/2022:19:52:49 -0700] "GET /wp-includes/ALFA_DATA HTTP/1.1" 200 309 "www.bing.com" "wp_is_mobile" "www.elitemetrocorp.com"
20.243.96.249 - - [05/Oct/2022:19:52:52 -0700] "GET /wp-includes/alfacgiapi HTTP/1.1" 200 309 "www.bing.com" "wp_is_mobile" "www.elitemetrocorp.com"
20.243.96.249 - - [05/Oct/2022:19:52:56 -0700] "GET /wp-includes/cgialfa HTTP/1.1" 200 309 "www.bing.com" "wp_is_mobile" "www.elitemetrocorp.com"
20.243.96.249 - - [05/Oct/2022:19:53:00 -0700] "GET /wp-admin/ALFA_DATA HTTP/1.1" 200 309 "www.bing.com" "wp_is_mobile" "www.elitemetrocorp.com"
20.243.96.249 - - [05/Oct/2022:19:53:04 -0700] "GET /wp-admin/alfacgiapi HTTP/1.1" 200 309 "www.bing.com" "wp_is_mobile" "www.elitemetrocorp.com"
20.243.96.249 - - [05/Oct/2022:19:53:08 -0700] "GET /wp-admin/cgialfa HTTP/1.1" 200 309 "www.bing.com" "wp_is_mobile" "www.elitemetrocorp.com"
20.243.96.249 - - [05/Oct/2022:19:53:12 -0700] "GET /wp-content/ALFA_DATA HTTP/1.1" 200 309 "www.bing.com" "wp_is_mobile" "www.elitemetrocorp.com"
20.243.96.249 - - [05/Oct/2022:19:53:17 -0700] "GET /wp-content/alfacgiapi HTTP/1.1" 200 309 "www.bing.com" "wp_is_mobile" "www.elitemetrocorp.com"
20.243.96.249 - - [05/Oct/2022:19:53:21 -0700] "GET /wp-content/cgialfa HTTP/1.1" 200 309 "www.bing.com" "wp_is_mobile" "www.elitemetrocorp.com"
20.243.96.249 - - [05/Oct/2022:19:53:25 -0700] "GET /templates/beez3/ALFA_DATA HTTP/1.1" 200 309 "www.bing.com" "wp_is_mobile" "www.elitemetrocorp.com"
20.243.96.249 - - [05/Oct/2022:19:53:29 -0700] "GET /templates/beez3/alfacgiapi HTTP/1.1" 200 309 "www.bing.com" "wp_is_mobile" "www.elitemetrocorp.com"
20.243.96.249 - - [05/Oct/2022:19:53:33 -0700] "GET /templates/beez3/cgialfa HTTP/1.1" 200 309 "www.bing.com" "wp_is_mobile" "www.elitemetrocorp.com"
20.243.96.249 - - [05/Oct/2022:19:53:37 -0700] "GET /sites/default/files/ALFA_DATA HTTP/1.1" 200 309 "www.bing.com" "wp_is_mobile" "www.elitemetrocorp.com"
20.243.96.249 - - [05/Oct/2022:19:53:41 -0700] "GET /sites/default/files/alfacgiapi HTTP/1.1" 200 309 "www.bing.com" "wp_is_mobile" "www.elitemetrocorp.com"
20.243.96.249 - - [05/Oct/2022:19:53:45 -0700] "GET /sites/default/files/cgialfa HTTP/1.1" 200 309 "www.bing.com" "wp_is_mobile" "www.elitemetrocorp.com"
20.243.96.249 - - [05/Oct/2022:19:53:49 -0700] "GET /admin/controller/extension/extension/ALFA_DATA HTTP/1.1" 200 309 "www.bing.com" "wp_is_mobile" "www.elitemetrocorp.com"
20.243.96.249 - - [05/Oct/2022:19:53:53 -0700] "GET /admin/controller/extension/extension/alfacgiapi HTTP/1.1" 200 309 "www.bing.com" "wp_is_mobile" "www.elitemetrocorp.com"
20.243.96.249 - - [05/Oct/2022:19:53:57 -0700] "GET /admin/controller/extension/extension/cgialfa HTTP/1.1" 200 309 "www.bing.com" "wp_is_mobile" "www.elitemetrocorp.com"
20.243.96.249 - - [05/Oct/2022:19:54:03 -0700] "GET /wp-content/plugins/ubh/up.php HTTP/1.1" 200 309 "www.bing.com" "wp_is_mobile" "www.elitemetrocorp.com"
20.243.96.249 - - [05/Oct/2022:19:54:07 -0700] "GET /index.php?3x=3x HTTP/1.1" 200 309 "www.bing.com" "wp_is_mobile" "www.elitemetrocorp.com"
20.243.96.249 - - [05/Oct/2022:19:54:09 -0700] "GET /olux.php HTTP/1.1" 200 309 "www.bing.com" "wp_is_mobile" "www.elitemetrocorp.com"
20.243.96.249 - - [05/Oct/2022:19:54:12 -0700] "GET /xleet.php HTTP/1.1" 200 309 "www.bing.com" "wp_is_mobile" "www.elitemetrocorp.com"
20.243.96.249 - - [05/Oct/2022:19:54:15 -0700] "GET /wso.php HTTP/1.1" 200 309 "www.bing.com" "wp_is_mobile" "www.elitemetrocorp.com"
20.243.96.249 - - [05/Oct/2022:19:54:17 -0700] "GET /shell.php HTTP/1.1" 200 309 "www.bing.com" "wp_is_mobile" "www.elitemetrocorp.com"
20.243.96.249 - - [05/Oct/2022:19:54:19 -0700] "GET /up.php HTTP/1.1" 200 309 "www.bing.com" "wp_is_mobile" "www.elitemetrocorp.com"
20.243.96.249 - - [05/Oct/2022:19:54:20 -0700] "GET /upload.php HTTP/1.1" 200 309 "www.bing.com" "wp_is_mobile" "www.elitemetrocorp.com"
20.243.96.249 - - [05/Oct/2022:19:54:20 -0700] "GET /1.php HTTP/1.1" 200 309 "www.bing.com" "wp_is_mobile" "www.elitemetrocorp.com"
20.243.96.249 - - [05/Oct/2022:19:54:20 -0700] "GET /x.php HTTP/1.1" 200 309 "www.bing.com" "wp_is_mobile" "www.elitemetrocorp.com"
20.243.96.249 - - [05/Oct/2022:19:54:21 -0700] "GET /z.php HTTP/1.1" 200 309 "www.bing.com" "wp_is_mobile" "www.elitemetrocorp.com"
20.243.96.249 - - [05/Oct/2022:19:54:21 -0700] "GET /a.php HTTP/1.1" 200 309 "www.bing.com" "wp_is_mobile" "www.elitemetrocorp.com"
20.243.96.249 - - [05/Oct/2022:19:54:21 -0700] "GET /test.php HTTP/1.1" 200 309 "www.bing.com" "wp_is_mobile" "www.elitemetrocorp.com"
20.243.96.249 - - [05/Oct/2022:19:54:21 -0700] "GET /wp.php HTTP/1.1" 200 309 "www.bing.com" "wp_is_mobile" "www.elitemetrocorp.com"
20.243.96.249 - - [05/Oct/2022:19:54:21 -0700] "GET /alfa.php HTTP/1.1" 200 309 "www.bing.com" "wp_is_mobile" "www.elitemetrocorp.com"
20.243.96.249 - - [05/Oct/2022:19:54:22 -0700] "GET /config.php HTTP/1.1" 200 309 "www.bing.com" "wp_is_mobile" "www.elitemetrocorp.com"
20.243.96.249 - - [05/Oct/2022:19:54:22 -0700] "GET /templates/beez3/index.php HTTP/1.1" 200 309 "www.bing.com" "wp_is_mobile" "www.elitemetrocorp.com"
20.243.96.249 - - [05/Oct/2022:19:54:22 -0700] "GET /about.php HTTP/1.1" 200 309 "www.bing.com" "wp_is_mobile" "www.elitemetrocorp.com"
20.243.96.249 - - [05/Oct/2022:19:54:22 -0700] "GET /shells.php HTTP/1.1" 200 309 "www.bing.com" "wp_is_mobile" "www.elitemetrocorp.com"
194.38.20.161 - - [05/Oct/2022:20:29:20 -0700] "GET /wp-content/themes/Ghost/includes/uploadify/upload_settings_image.php HTTP/1.1" 200 309 "-" "ALittle Client" "elitemetrocorp.com"
114.119.135.224 - - [05/Oct/2022:21:38:16 -0700] "GET / HTTP/1.1" 200 309 "https://www.seamless.ai/c/arshan-mohamed-i6LMrZlLDftQ1" "Mozilla/5.0 (Linux; Android 7.0;) AppleWebKit/537.36 (KHTML, like Gecko) Mobile Safari/537.36 (compatible; PetalBot;+https://webmaster.petalsearch.com/site/petalbot)" "elitemetrocorp.com"
198.251.73.84 - - [05/Oct/2022:21:57:12 -0700] "GET /robots.txt HTTP/1.1" 200 208 "-" "IonCrawl (https://www.ionos.de/terms-gtc/faq-crawler-en/)" "elitemetrocorp.com"
198.251.73.104 - - [05/Oct/2022:21:58:38 -0700] "GET /sitemap.xml HTTP/1.1" 200 208 "-" "IonCrawl (https://www.ionos.de/terms-gtc/faq-crawler-en/)" "elitemetrocorp.com"
198.251.73.104 - - [05/Oct/2022:21:58:40 -0700] "GET /wp-admin/admin-ajax.php HTTP/1.1" 200 309 "-" "IonCrawl (https://www.ionos.de/terms-gtc/faq-crawler-en/)" "elitemetrocorp.com"
198.251.73.74 - - [05/Oct/2022:22:02:55 -0700] "GET / HTTP/1.1" 200 309 "-" "IonCrawl (https://www.ionos.de/terms-gtc/faq-crawler-en/)" "elitemetrocorp.com"
54.36.149.11 - - [05/Oct/2022:22:09:14 -0700] "GET /robots.txt HTTP/1.1" 200 208 "-" "Mozilla/5.0 (compatible; AhrefsBot/7.0; +http://ahrefs.com/robot/)" "elitemetrocorp.com"
54.174.53.117 - - [05/Oct/2022:22:27:51 -0700] "HEAD / HTTP/1.1" 404 - "-" "HubSpot Connect 2.0 (http://dev.hubspot.com/) (namespace: domainValidationHttpClient) - BizOpsCompanies-Tq2-BizCoDomainValidationAudit" "elitemetrocorp.com"
54.174.53.117 - - [05/Oct/2022:22:27:51 -0700] "HEAD / HTTP/1.1" 404 - "-" "HubSpot Connect 2.0 (http://dev.hubspot.com/) (namespace: domainValidationHttpClient) - BizOpsCompanies-Tq2-BizCoDomainValidationAudit" "elitemetrocorp.com"
54.174.53.117 - - [05/Oct/2022:22:27:52 -0700] "HEAD / HTTP/1.1" 404 - "-" "HubSpot Connect 2.0 (http://dev.hubspot.com/) (namespace: domainValidationHttpClient) - BizOpsCompanies-Tq2-BizCoDomainValidationAudit" "www.elitemetrocorp.com"
54.174.53.117 - - [05/Oct/2022:22:27:52 -0700] "HEAD / HTTP/1.1" 404 - "-" "HubSpot Connect 2.0 (http://dev.hubspot.com/) (namespace: domainValidationHttpClient) - BizOpsCompanies-Tq2-BizCoDomainValidationAudit" "www.elitemetrocorp.com"
54.174.53.117 - - [05/Oct/2022:22:27:53 -0700] "GET / HTTP/1.1" 200 309 "-" "HubSpot Connect 2.0 (http://dev.hubspot.com/) (namespace: domainValidationHttpClient) - BizOpsCompanies-Tq2-BizCoDomainValidationAudit" "elitemetrocorp.com"
81.17.57.144 - - [05/Oct/2022:22:42:58 -0700] "GET /robots.txt HTTP/1.1" 200 309 "-" "Mozilla/5.0 (compatible; MJ12bot/v1.4.8; http://mj12bot.com/)" "elitemetrocorp.com"
81.17.57.144 - - [05/Oct/2022:22:43:04 -0700] "GET / HTTP/1.1" 200 309 "-" "Mozilla/5.0 (compatible; MJ12bot/v1.4.8; http://mj12bot.com/)" "elitemetrocorp.com"
207.46.13.192 - - [05/Oct/2022:23:05:47 -0700] "GET / HTTP/1.1" 200 309 "-" "Mozilla/5.0 AppleWebKit/537.36 (KHTML, like Gecko; compatible; bingbot/2.0; +http://www.bing.com/bingbot.htm) Chrome/103.0.5060.134 Safari/537.36" "www.elitemetrocorp.com"
207.46.13.230 - - [05/Oct/2022:23:21:55 -0700] "GET /robots.txt HTTP/1.1" 200 208 "-" "Mozilla/5.0 (compatible; bingbot/2.0; +http://www.bing.com/bingbot.htm)" "www.elitemetrocorp.com"
14.116.156.77 - - [06/Oct/2022:00:25:35 -0700] "GET / HTTP/1.1" 200 309 "http://elitemetrocorp.com" "Mozilla/5.0 (iPhone; CPU iPhone OS 13_2_3 like Mac OS X) AppleWebKit/605.1.15 (KHTML, like Gecko) Version/13.0.3 Mobile/15E148 Safari/604.1" "elitemetrocorp.com"
207.90.21.148 - - [06/Oct/2022:01:01:02 -0700] "GET /robots.txt HTTP/1.1" 200 208 "-" "Mozilla/5.0 (Macintosh; Intel Mac OS X 10_15_7) AppleWebKit/537.36 (KHTML like Gecko) Chrome/100.0.4896.75 Safari/537.36" "elitemetrocorp.com"
207.90.21.148 - - [06/Oct/2022:01:01:08 -0700] "GET / HTTP/1.1" 200 309 "-" "Mozilla/5.0 (Macintosh; Intel Mac OS X 10_15_7) AppleWebKit/537.36 (KHTML like Gecko) Chrome/100.0.4896.75 Safari/537.36" "elitemetrocorp.com"
20.150.219.192 - - [06/Oct/2022:01:23:37 -0700] "GET / HTTP/1.1" 200 309 "-" "python-requests/2.27.1" "elitemetrocorp.com"
68.169.42.156 - - [06/Oct/2022:01:43:21 -0700] "GET / HTTP/1.1" 200 309 "http://elitemetrocorp.com" "Mozilla/5.0 (Windows NT 10.0; Win64; x64) AppleWebKit/537.36 (KHTML, like Gecko) Chrome/103.0.0.0 Safari/537.36" "elitemetrocorp.com"
68.169.42.156 - - [06/Oct/2022:01:43:22 -0700] "GET /about:blank HTTP/1.1" 200 309 "https://elitemetrocorp.com/" "Mozilla/5.0 (Windows NT 10.0; Win64; x64) AppleWebKit/537.36 (KHTML, like Gecko) Chrome/103.0.0.0 Safari/537.36" "elitemetrocorp.com"
217.182.15.147 - - [06/Oct/2022:03:20:43 -0700] "GET / HTTP/1.1" 200 309 "-" "Mozilla/5.0 (Windows NT 10.0; Win64; x64) AppleWebKit/537.36 (KHTML, like Gecko) Chrome/89.0.4389.114 Safari/537.36" "elitemetrocorp.com"
217.182.15.147 - - [06/Oct/2022:03:20:43 -0700] "GET /wp-includes/wlwmanifest.xml HTTP/1.1" 200 309 "-" "Mozilla/5.0 (Windows NT 10.0; Win64; x64) AppleWebKit/537.36 (KHTML, like Gecko) Chrome/89.0.4389.114 Safari/537.36" "elitemetrocorp.com"
217.182.15.147 - - [06/Oct/2022:03:20:43 -0700] "GET /xmlrpc.php?rsd HTTP/1.1" 500 5669 "-" "Mozilla/5.0 (Windows NT 10.0; Win64; x64) AppleWebKit/537.36 (KHTML, like Gecko) Chrome/89.0.4389.114 Safari/537.36" "elitemetrocorp.com"
217.182.15.147 - - [06/Oct/2022:03:20:44 -0700] "GET / HTTP/1.1" 200 309 "-" "Mozilla/5.0 (Windows NT 10.0; Win64; x64) AppleWebKit/537.36 (KHTML, like Gecko) Chrome/89.0.4389.114 Safari/537.36" "elitemetrocorp.com"
217.182.15.147 - - [06/Oct/2022:03:20:44 -0700] "GET /blog/wp-includes/wlwmanifest.xml HTTP/1.1" 200 309 "-" "Mozilla/5.0 (Windows NT 10.0; Win64; x64) AppleWebKit/537.36 (KHTML, like Gecko) Chrome/89.0.4389.114 Safari/537.36" "elitemetrocorp.com"
217.182.15.147 - - [06/Oct/2022:03:20:45 -0700] "GET /web/wp-includes/wlwmanifest.xml HTTP/1.1" 200 309 "-" "Mozilla/5.0 (Windows NT 10.0; Win64; x64) AppleWebKit/537.36 (KHTML, like Gecko) Chrome/89.0.4389.114 Safari/537.36" "elitemetrocorp.com"
217.182.15.147 - - [06/Oct/2022:03:20:46 -0700] "GET /wp/wp-includes/wlwmanifest.xml HTTP/1.1" 200 309 "-" "Mozilla/5.0 (Windows NT 10.0; Win64; x64) AppleWebKit/537.36 (KHTML, like Gecko) Chrome/89.0.4389.114 Safari/537.36" "elitemetrocorp.com"
217.182.15.147 - - [06/Oct/2022:03:20:46 -0700] "GET /news/wp-includes/wlwmanifest.xml HTTP/1.1" 200 309 "-" "Mozilla/5.0 (Windows NT 10.0; Win64; x64) AppleWebKit/537.36 (KHTML, like Gecko) Chrome/89.0.4389.114 Safari/537.36" "elitemetrocorp.com"
217.182.15.147 - - [06/Oct/2022:03:20:47 -0700] "GET /2020/wp-includes/wlwmanifest.xml HTTP/1.1" 200 309 "-" "Mozilla/5.0 (Windows NT 10.0; Win64; x64) AppleWebKit/537.36 (KHTML, like Gecko) Chrome/89.0.4389.114 Safari/537.36" "elitemetrocorp.com"
217.182.15.147 - - [06/Oct/2022:03:20:47 -0700] "GET /2019/wp-includes/wlwmanifest.xml HTTP/1.1" 200 309 "-" "Mozilla/5.0 (Windows NT 10.0; Win64; x64) AppleWebKit/537.36 (KHTML, like Gecko) Chrome/89.0.4389.114 Safari/537.36" "elitemetrocorp.com"
217.182.15.147 - - [06/Oct/2022:03:20:48 -0700] "GET /test/wp-includes/wlwmanifest.xml HTTP/1.1" 200 309 "-" "Mozilla/5.0 (Windows NT 10.0; Win64; x64) AppleWebKit/537.36 (KHTML, like Gecko) Chrome/89.0.4389.114 Safari/537.36" "elitemetrocorp.com"
217.182.15.147 - - [06/Oct/2022:03:20:48 -0700] "GET /wp2/wp-includes/wlwmanifest.xml HTTP/1.1" 200 309 "-" "Mozilla/5.0 (Windows NT 10.0; Win64; x64) AppleWebKit/537.36 (KHTML, like Gecko) Chrome/89.0.4389.114 Safari/537.36" "elitemetrocorp.com"
217.182.15.147 - - [06/Oct/2022:03:20:49 -0700] "GET /site/wp-includes/wlwmanifest.xml HTTP/1.1" 200 309 "-" "Mozilla/5.0 (Windows NT 10.0; Win64; x64) AppleWebKit/537.36 (KHTML, like Gecko) Chrome/89.0.4389.114 Safari/537.36" "elitemetrocorp.com"
217.182.15.147 - - [06/Oct/2022:03:20:49 -0700] "GET /cms/wp-includes/wlwmanifest.xml HTTP/1.1" 200 309 "-" "Mozilla/5.0 (Windows NT 10.0; Win64; x64) AppleWebKit/537.36 (KHTML, like Gecko) Chrome/89.0.4389.114 Safari/537.36" "elitemetrocorp.com"
217.182.15.147 - - [06/Oct/2022:03:20:50 -0700] "GET /sito/wp-includes/wlwmanifest.xml HTTP/1.1" 200 309 "-" "Mozilla/5.0 (Windows NT 10.0; Win64; x64) AppleWebKit/537.36 (KHTML, like Gecko) Chrome/89.0.4389.114 Safari/537.36" "elitemetrocorp.com"
35.92.99.119 - - [06/Oct/2022:04:08:41 -0700] "GET / HTTP/1.1" 200 309 "-" "Mozilla/5.0 (X11; Linux x86_64) AppleWebKit/537.36 (KHTML, like Gecko) Chrome/83.0.4103.97 Safari/537.36" "elitemetrocorp.com"
34.213.5.30 - - [06/Oct/2022:04:10:56 -0700] "GET / HTTP/1.1" 200 309 "http://elitemetrocorp.com" "Mozilla/5.0 (X11; Linux x86_64) AppleWebKit/537.36 (KHTML, like Gecko) Chrome/83.0.4103.97 Safari/537.36" "elitemetrocorp.com"
168.151.120.115 - - [06/Oct/2022:05:18:50 -0700] "GET / HTTP/1.1" 200 309 "http://www.elitemetrocorp.com/" "Mozilla/5.0 (Macintosh; Intel Mac OS X 10_14_5) AppleWebKit/604.1.28 (KHTML, like Gecko) Version/11.0.0 Safari/604.1.28" "www.elitemetrocorp.com"
152.39.188.0 - - [06/Oct/2022:05:18:50 -0700] "GET / HTTP/1.1" 200 309 "http://www.elitemetrocorp.com/" "Mozilla/5.0 (Macintosh; Intel Mac OS X 10.14; rv:99.0) Gecko/20100101 Firefox/99.0" "www.elitemetrocorp.com"
203.78.172.118 - - [06/Oct/2022:05:18:50 -0700] "GET / HTTP/1.1" 200 309 "http://www.elitemetrocorp.com/" "Mozilla/5.0 (Macintosh; Intel Mac OS X 10.13; rv:101.0) Gecko/20100101 Firefox/101.0" "www.elitemetrocorp.com"
45.114.243.100 - - [06/Oct/2022:05:18:50 -0700] "GET /robots.txt HTTP/1.1" 200 208 "http://www.elitemetrocorp.com/robots.txt" "Mozilla/5.0 (Windows NT 10.0; Win64; x64) AppleWebKit/537.36 (KHTML, like Gecko) Chrome/104.0.0.0 Safari/537.36" "www.elitemetrocorp.com"
152.39.188.0 - - [06/Oct/2022:05:18:50 -0700] "HEAD / HTTP/1.1" 404 - "http://www.elitemetrocorp.com/" "Mozilla/5.0 (Macintosh; Intel Mac OS X 10_15_7) AppleWebKit/537.36 (KHTML, like Gecko) Chrome/104.0.0.0 Safari/537.36" "www.elitemetrocorp.com"
45.114.243.100 - - [06/Oct/2022:05:18:51 -0700] "HEAD / HTTP/1.1" 404 - "http://www.elitemetrocorp.com/" "Mozilla/5.0 (Macintosh; Intel Mac OS X 10_15_7) AppleWebKit/537.36 (KHTML, like Gecko) Chrome/104.0.0.0 Safari/537.36" "www.elitemetrocorp.com"
31.204.22.179 - - [06/Oct/2022:05:18:51 -0700] "GET / HTTP/1.1" 200 309 "http://www.elitemetrocorp.com/" "Mozilla/5.0 (Macintosh; Intel Mac OS X 10.14; rv:99.0) Gecko/20100101 Firefox/99.0" "www.elitemetrocorp.com"
149.71.179.191 - - [06/Oct/2022:05:18:52 -0700] "GET /robots.txt HTTP/1.1" 200 208 "http://www.elitemetrocorp.com/robots.txt" "Mozilla/5.0 (Windows NT 10.0; Win64; x64) AppleWebKit/537.36 (KHTML, like Gecko) Chrome/104.0.0.0 Safari/537.36" "www.elitemetrocorp.com"
31.204.22.179 - - [06/Oct/2022:05:18:52 -0700] "HEAD / HTTP/1.1" 404 - "http://www.elitemetrocorp.com/" "Mozilla/5.0 (Windows NT 10.0; Win64; x64) AppleWebKit/537.36 (KHTML, like Gecko) Chrome/104.0.0.0 Safari/537.36" "www.elitemetrocorp.com"
149.71.179.191 - - [06/Oct/2022:05:18:52 -0700] "HEAD / HTTP/1.1" 404 - "http://www.elitemetrocorp.com/" "Mozilla/5.0 (Windows NT 10.0; Win64; x64) AppleWebKit/537.36 (KHTML, like Gecko) Chrome/104.0.0.0 Safari/537.36" "www.elitemetrocorp.com"
195.158.105.243 - - [06/Oct/2022:05:18:53 -0700] "HEAD / HTTP/1.1" 404 - "http://www.elitemetrocorp.com/" "Mozilla/5.0 (Macintosh; Intel Mac OS X 10_15_7) AppleWebKit/537.36 (KHTML, like Gecko) Chrome/104.0.0.0 Safari/537.36" "www.elitemetrocorp.com"
70.117.161.210 - - [06/Oct/2022:05:18:53 -0700] "GET / HTTP/1.1" 200 309 "http://www.elitemetrocorp.com/" "Mozilla/5.0 (Macintosh; Intel Mac OS X 10.14; rv:99.0) Gecko/20100101 Firefox/99.0" "www.elitemetrocorp.com"
75.84.19.152 - - [06/Oct/2022:05:18:53 -0700] "GET /robots.txt HTTP/1.1" 200 208 "http://www.elitemetrocorp.com/robots.txt" "Mozilla/5.0 (Windows NT 10.0; Win64; x64) AppleWebKit/537.36 (KHTML, like Gecko) Chrome/104.0.0.0 Safari/537.36" "www.elitemetrocorp.com"
70.117.161.210 - - [06/Oct/2022:05:18:54 -0700] "HEAD / HTTP/1.1" 404 - "http://www.elitemetrocorp.com/" "Mozilla/5.0 (Windows NT 10.0; Win64; x64) AppleWebKit/537.36 (KHTML, like Gecko) Chrome/104.0.0.0 Safari/537.36" "www.elitemetrocorp.com"
161.123.73.23 - - [06/Oct/2022:05:18:54 -0700] "GET / HTTP/1.1" 200 309 "http://elitemetrocorp.com/" "Mozilla/5.0 (Windows NT 6.1) AppleWebKit/537.36 (KHTML, like Gecko) Chromium/100.0.8797.9603 Safari/537.36" "elitemetrocorp.com"
216.19.200.237 - - [06/Oct/2022:05:18:54 -0700] "HEAD / HTTP/1.1" 404 - "http://elitemetrocorp.com/" "Mozilla/5.0 (Windows NT 6.1) AppleWebKit/537.36 (KHTML, like Gecko) Chromium/100.0.8797.9603 Safari/537.36" "elitemetrocorp.com"
75.84.19.152 - - [06/Oct/2022:05:18:54 -0700] "HEAD / HTTP/1.1" 404 - "http://www.elitemetrocorp.com/" "Mozilla/5.0 (Windows NT 10.0; Win64; x64) AppleWebKit/537.36 (KHTML, like Gecko) Chrome/104.0.0.0 Safari/537.36" "www.elitemetrocorp.com"
85.208.148.26 - - [06/Oct/2022:05:18:54 -0700] "HEAD / HTTP/1.1" 404 - "http://elitemetrocorp.com/" "Mozilla/5.0 (Macintosh; Intel Mac OS X 10.14; rv:102.0) Gecko/20100101 Firefox/102.0" "elitemetrocorp.com"
178.171.90.252 - - [06/Oct/2022:05:18:55 -0700] "GET / HTTP/1.1" 200 309 "http://elitemetrocorp.com/" "Mozilla/5.0 (Macintosh; Intel Mac OS X 10.14; rv:102.0) Gecko/20100101 Firefox/102.0" "elitemetrocorp.com"
168.151.120.115 - - [06/Oct/2022:05:18:55 -0700] "GET / HTTP/1.1" 200 309 "http://www.elitemetrocorp.com/" "Mozilla/5.0 (Windows NT 10.0; Win64; x64) AppleWebKit/537.36 (KHTML, like Gecko) Chrome/104.0.0.0 Safari/537.36" "www.elitemetrocorp.com"
178.171.67.44 - - [06/Oct/2022:05:18:56 -0700] "HEAD / HTTP/1.1" 404 - "http://elitemetrocorp.com/" "Mozilla/5.0 (Macintosh; Intel Mac OS X 10.14; rv:102.0) Gecko/20100101 Firefox/102.0" "elitemetrocorp.com"
178.171.90.252 - - [06/Oct/2022:05:18:56 -0700] "HEAD / HTTP/1.1" 404 - "http://elitemetrocorp.com/" "Mozilla/5.0 (Macintosh; Intel Mac OS X 10.14; rv:102.0) Gecko/20100101 Firefox/102.0" "elitemetrocorp.com"
93.177.92.49 - - [06/Oct/2022:05:18:56 -0700] "HEAD / HTTP/1.1" 404 - "http://elitemetrocorp.com/" "Mozilla/5.0 (X11; Linux x86_64) AppleWebKit/537.36 (KHTML, like Gecko) Chrome/103.0.5060.114 Safari/537.36 Edg/103.0.1264.51" "elitemetrocorp.com"
203.78.172.118 - - [06/Oct/2022:05:18:56 -0700] "GET / HTTP/1.1" 200 309 "http://www.elitemetrocorp.com/" "Mozilla/5.0 (Windows NT 10.0; Win64; x64) AppleWebKit/537.36 (KHTML, like Gecko) Chrome/104.0.0.0 Safari/537.36" "www.elitemetrocorp.com"
95.214.102.174 - - [06/Oct/2022:05:18:57 -0700] "GET / HTTP/1.1" 200 309 "http://elitemetrocorp.com/" "Mozilla/5.0 (Macintosh; Intel Mac OS X 10.14; rv:102.0) Gecko/20100101 Firefox/102.0" "elitemetrocorp.com"
76.138.6.33 - - [06/Oct/2022:05:18:57 -0700] "HEAD / HTTP/1.1" 404 - "http://elitemetrocorp.com/" "Mozilla/5.0 (X11; Linux x86_64) AppleWebKit/537.36 (KHTML, like Gecko) Chrome/103.0.5060.114 Safari/537.36 Edg/103.0.1264.51" "elitemetrocorp.com"
80.77.155.107 - - [06/Oct/2022:05:18:57 -0700] "HEAD / HTTP/1.1" 404 - "http://elitemetrocorp.com/" "Mozilla/5.0 (X11; Linux x86_64) AppleWebKit/537.36 (KHTML, like Gecko) Chrome/103.0.5060.114 Safari/537.36 Edg/103.0.1264.51" "elitemetrocorp.com"
95.214.102.174 - - [06/Oct/2022:05:18:57 -0700] "HEAD / HTTP/1.1" 404 - "http://elitemetrocorp.com/" "Mozilla/5.0 (X11; Linux x86_64) AppleWebKit/537.36 (KHTML, like Gecko) Chrome/103.0.5060.114 Safari/537.36 Edg/103.0.1264.51" "elitemetrocorp.com"
83.172.62.161 - - [06/Oct/2022:05:18:58 -0700] "GET / HTTP/1.1" 200 309 "http://www.elitemetrocorp.com/" "Mozilla/5.0 (Windows NT 10.0; WOW64) AppleWebKit/537.36 (KHTML, like Gecko) Chrome/104.0.0.0 Safari/537.36" "www.elitemetrocorp.com"
121.91.83.90 - - [06/Oct/2022:05:18:58 -0700] "GET /robots.txt HTTP/1.1" 200 208 "http://www.elitemetrocorp.com/robots.txt" "Mozilla/5.0 (Windows NT 6.1) AppleWebKit/537.36 (KHTML, like Gecko) Chrome/104.0.5005.7066 Safari/537.36" "www.elitemetrocorp.com"
168.151.116.184 - - [06/Oct/2022:05:18:58 -0700] "HEAD / HTTP/1.1" 404 - "http://www.elitemetrocorp.com/" "Mozilla/5.0 (Macintosh; Intel Mac OS X 10_15_7) AppleWebKit/537.36 (KHTML, like Gecko) Chrome/104.0.0.0 Safari/537.36" "www.elitemetrocorp.com"
83.172.62.161 - - [06/Oct/2022:05:18:59 -0700] "HEAD / HTTP/1.1" 404 - "http://www.elitemetrocorp.com/" "Mozilla/5.0 (Windows NT 10.0; WOW64) AppleWebKit/537.36 (KHTML, like Gecko) Chrome/104.0.0.0 Safari/537.36" "www.elitemetrocorp.com"
194.61.113.25 - - [06/Oct/2022:05:18:59 -0700] "GET / HTTP/1.1" 200 309 "http://www.elitemetrocorp.com/" "Mozilla/5.0 (Windows NT 10.0; Win64; x64) AppleWebKit/537.36 (KHTML, like Gecko) Chrome/104.0.5112.81 Safari/537.36 Edg/104.0.1293.47" "www.elitemetrocorp.com"
121.91.83.90 - - [06/Oct/2022:05:18:59 -0700] "HEAD / HTTP/1.1" 404 - "http://www.elitemetrocorp.com/" "Mozilla/5.0 (Windows NT 10.0; WOW64) AppleWebKit/537.36 (KHTML, like Gecko) Chrome/104.0.0.0 Safari/537.36" "www.elitemetrocorp.com"
154.17.75.36 - - [06/Oct/2022:05:18:59 -0700] "HEAD / HTTP/1.1" 404 - "http://www.elitemetrocorp.com/" "Mozilla/5.0 (Macintosh; Intel Mac OS X 10_15_7) AppleWebKit/537.36 (KHTML, like Gecko) Chrome/104.0.0.0 Safari/537.36" "www.elitemetrocorp.com"
161.123.73.23 - - [06/Oct/2022:05:18:59 -0700] "GET / HTTP/1.1" 200 309 "http://elitemetrocorp.com/" "Mozilla/5.0 (Windows NT 6.1) AppleWebKit/537.36 (KHTML, like Gecko) Chromium/100.0.8797.9603 Safari/537.36" "elitemetrocorp.com"
202.124.225.94 - - [06/Oct/2022:05:18:59 -0700] "GET /robots.txt HTTP/1.1" 200 208 "http://elitemetrocorp.com/robots.txt" "Mozilla/5.0 (Macintosh; Intel Mac OS X 10_10_1) AppleWebKit/537.36 (KHTML, like Gecko) Chromium/104.0.5901.8226 Safari/537.36" "elitemetrocorp.com"
31.204.51.170 - - [06/Oct/2022:05:18:59 -0700] "GET / HTTP/1.1" 200 309 "http://elitemetrocorp.com/" "Mozilla/5.0 (Windows NT 6.1) AppleWebKit/537.36 (KHTML, like Gecko) Chromium/100.0.8797.9603 Safari/537.36" "elitemetrocorp.com"
168.151.120.115 - - [06/Oct/2022:05:18:59 -0700] "GET / HTTP/1.1" 200 309 "http://www.elitemetrocorp.com/" "Mozilla/5.0 (Windows NT 10.0; Win64; x64) AppleWebKit/537.36 (KHTML, like Gecko) Chrome/104.0.0.0 Safari/537.36" "www.elitemetrocorp.com"
88.81.137.61 - - [06/Oct/2022:05:18:59 -0700] "HEAD / HTTP/1.1" 404 - "http://www.elitemetrocorp.com/" "Mozilla/5.0 (Windows NT 10.0; WOW64) AppleWebKit/537.36 (KHTML, like Gecko) Chrome/104.0.0.0 Safari/537.36" "www.elitemetrocorp.com"
92.119.27.105 - - [06/Oct/2022:05:19:00 -0700] "GET /robots.txt HTTP/1.1" 200 208 "http://www.elitemetrocorp.com/robots.txt" "Mozilla/5.0 (Macintosh; Intel Mac OS X 10_10_1) AppleWebKit/605.1.15 (KHTML, like Gecko) Version/15.0 Safari/605.1.15" "www.elitemetrocorp.com"
24.242.27.224 - - [06/Oct/2022:05:19:00 -0700] "HEAD / HTTP/1.1" 404 - "http://www.elitemetrocorp.com/" "Mozilla/5.0 (Macintosh; Intel Mac OS X 10_15_7) AppleWebKit/537.36 (KHTML, like Gecko) Chrome/104.0.0.0 Safari/537.36" "www.elitemetrocorp.com"
203.78.172.118 - - [06/Oct/2022:05:19:00 -0700] "GET / HTTP/1.1" 200 309 "http://www.elitemetrocorp.com/" "Mozilla/5.0 (Windows NT 10.0; Win64; x64) AppleWebKit/537.36 (KHTML, like Gecko) Chrome/104.0.0.0 Safari/537.36" "www.elitemetrocorp.com"
31.204.51.170 - - [06/Oct/2022:05:19:00 -0700] "HEAD / HTTP/1.1" 404 - "http://elitemetrocorp.com/" "Mozilla/5.0 (Windows NT 6.1) AppleWebKit/537.36 (KHTML, like Gecko) Chromium/100.0.8797.9603 Safari/537.36" "elitemetrocorp.com"
92.119.27.105 - - [06/Oct/2022:05:19:00 -0700] "HEAD / HTTP/1.1" 404 - "http://www.elitemetrocorp.com/" "Mozilla/5.0 (Macintosh; Intel Mac OS X 10_10_1) AppleWebKit/605.1.15 (KHTML, like Gecko) Version/15.0 Safari/605.1.15" "www.elitemetrocorp.com"
73.244.177.167 - - [06/Oct/2022:05:19:01 -0700] "GET /robots.txt HTTP/1.1" 200 208 "http://elitemetrocorp.com/robots.txt" "Mozilla/5.0 (Macintosh; Intel Mac OS X 10_12_2) AppleWebKit/537.36 (KHTML, like Gecko) Chromium/104.0.4375.8725 Safari/537.36" "elitemetrocorp.com"
173.50.120.124 - - [06/Oct/2022:05:19:01 -0700] "GET / HTTP/1.1" 200 309 "http://elitemetrocorp.com/" "Mozilla/5.0 (Macintosh; Intel Mac OS X 10_15_7) AppleWebKit/537.36 (KHTML, like Gecko) Chrome/104.0.0.0 Safari/537.36" "elitemetrocorp.com"
50.4.184.28 - - [06/Oct/2022:05:19:01 -0700] "HEAD / HTTP/1.1" 404 - "http://elitemetrocorp.com/" "Mozilla/5.0 (Windows NT 10.0; Win64; x64) AppleWebKit/537.36 (KHTML, like Gecko) Chrome/103.0.5060.114 Safari/537.36 Edg/103.0.1264.62" "elitemetrocorp.com"
75.64.105.0 - - [06/Oct/2022:05:19:01 -0700] "HEAD / HTTP/1.1" 404 - "http://elitemetrocorp.com/" "Mozilla/5.0 (Macintosh; Intel Mac OS X 10.13; rv:99.0) Gecko/20100101 Firefox/99.0" "elitemetrocorp.com"
73.244.177.167 - - [06/Oct/2022:05:19:01 -0700] "HEAD / HTTP/1.1" 404 - "http://elitemetrocorp.com/" "Mozilla/5.0 (Macintosh; Intel Mac OS X 10.13; rv:99.0) Gecko/20100101 Firefox/99.0" "elitemetrocorp.com"
212.102.156.197 - - [06/Oct/2022:05:19:01 -0700] "GET / HTTP/1.1" 200 309 "http://elitemetrocorp.com/" "Mozilla/5.0 (Windows NT 6.1) AppleWebKit/537.36 (KHTML, like Gecko) Chromium/100.0.8797.9603 Safari/537.36" "elitemetrocorp.com"
212.102.156.197 - - [06/Oct/2022:05:19:02 -0700] "HEAD / HTTP/1.1" 404 - "http://elitemetrocorp.com/" "Mozilla/5.0 (Windows NT 6.1) AppleWebKit/537.36 (KHTML, like Gecko) Chromium/100.0.8797.9603 Safari/537.36" "elitemetrocorp.com"
68.191.83.90 - - [06/Oct/2022:05:19:02 -0700] "GET / HTTP/1.1" 200 309 "http://elitemetrocorp.com/" "Mozilla/5.0 (Windows NT 6.3; WOW64) AppleWebKit/537.36 (KHTML, like Gecko) Chromium/103.0.7039.5277 Safari/537.36" "elitemetrocorp.com"
90.205.34.148 - - [06/Oct/2022:05:19:02 -0700] "GET /robots.txt HTTP/1.1" 200 208 "http://www.elitemetrocorp.com/robots.txt" "Mozilla/5.0 (Macintosh; Intel Mac OS X 10_10_1) AppleWebKit/605.1.15 (KHTML, like Gecko) Version/15.0 Safari/605.1.15" "www.elitemetrocorp.com"
68.191.83.90 - - [06/Oct/2022:05:19:03 -0700] "HEAD / HTTP/1.1" 404 - "http://elitemetrocorp.com/" "Mozilla/5.0 (Macintosh; Intel Mac OS X 10.13; rv:99.0) Gecko/20100101 Firefox/99.0" "elitemetrocorp.com"
161.123.73.23 - - [06/Oct/2022:05:19:03 -0700] "GET / HTTP/1.1" 200 309 "http://elitemetrocorp.com/" "Mozilla/5.0 (Windows NT 6.1) AppleWebKit/537.36 (KHTML, like Gecko) Chromium/100.0.8797.9603 Safari/537.36" "elitemetrocorp.com"
90.205.34.148 - - [06/Oct/2022:05:19:03 -0700] "HEAD / HTTP/1.1" 404 - "http://www.elitemetrocorp.com/" "Mozilla/5.0 (Macintosh; Intel Mac OS X 10_10_1) AppleWebKit/605.1.15 (KHTML, like Gecko) Version/15.0 Safari/605.1.15" "www.elitemetrocorp.com"
78.26.243.155 - - [06/Oct/2022:05:19:03 -0700] "GET / HTTP/1.1" 200 309 "http://elitemetrocorp.com/" "Mozilla/5.0 (Windows NT 6.1) AppleWebKit/537.36 (KHTML, like Gecko) Chromium/100.0.8797.9603 Safari/537.36" "elitemetrocorp.com"
202.124.225.94 - - [06/Oct/2022:05:19:04 -0700] "HEAD / HTTP/1.1" 404 - "http://elitemetrocorp.com/" "Mozilla/5.0 (Windows NT 6.1) AppleWebKit/537.36 (KHTML, like Gecko) Chromium/100.0.8797.9603 Safari/537.36" "elitemetrocorp.com"
194.61.113.25 - - [06/Oct/2022:05:19:04 -0700] "GET / HTTP/1.1" 200 309 "http://www.elitemetrocorp.com/" "Mozilla/5.0 (Macintosh; Intel Mac OS X 10_10_1) AppleWebKit/605.1.15 (KHTML, like Gecko) Version/15.0 Safari/605.1.15" "www.elitemetrocorp.com"
78.26.243.155 - - [06/Oct/2022:05:19:04 -0700] "HEAD / HTTP/1.1" 404 - "http://elitemetrocorp.com/" "Mozilla/5.0 (Windows NT 6.1) AppleWebKit/537.36 (KHTML, like Gecko) Chromium/100.0.8797.9603 Safari/537.36" "elitemetrocorp.com"
168.151.120.115 - - [06/Oct/2022:05:19:05 -0700] "HEAD / HTTP/1.1" 404 - "http://www.elitemetrocorp.com/" "Mozilla/5.0 (Windows NT 10.0; Win64; x64) AppleWebKit/537.36 (KHTML, like Gecko) Chrome/104.0.0.0 Safari/537.36" "www.elitemetrocorp.com"
154.17.95.195 - - [06/Oct/2022:05:19:05 -0700] "GET / HTTP/1.1" 200 309 "http://www.elitemetrocorp.com/" "Mozilla/5.0 (Macintosh; Intel Mac OS X 10_14_5) AppleWebKit/604.1.28 (KHTML, like Gecko) Version/11.0.0 Safari/604.1.28" "www.elitemetrocorp.com"
173.50.120.124 - - [06/Oct/2022:05:19:06 -0700] "GET / HTTP/1.1" 200 309 "http://elitemetrocorp.com/" "Mozilla/5.0 (Macintosh; Intel Mac OS X 10.13; rv:99.0) Gecko/20100101 Firefox/99.0" "elitemetrocorp.com"
203.78.172.118 - - [06/Oct/2022:05:19:06 -0700] "HEAD / HTTP/1.1" 404 - "http://www.elitemetrocorp.com/" "Mozilla/5.0 (Macintosh; Intel Mac OS X 10_14_5) AppleWebKit/604.1.28 (KHTML, like Gecko) Version/11.0.0 Safari/604.1.28" "www.elitemetrocorp.com"
161.123.73.23 - - [06/Oct/2022:05:19:07 -0700] "HEAD / HTTP/1.1" 404 - "http://elitemetrocorp.com/" "Mozilla/5.0 (Windows NT 6.1) AppleWebKit/537.36 (KHTML, like Gecko) Chromium/100.0.8797.9603 Safari/537.36" "elitemetrocorp.com"
91.108.218.86 - - [06/Oct/2022:05:19:07 -0700] "GET / HTTP/1.1" 200 309 "http://www.elitemetrocorp.com/" "Mozilla/5.0 (Macintosh; Intel Mac OS X 10.13; rv:101.0) Gecko/20100101 Firefox/101.0" "www.elitemetrocorp.com"
176.100.134.234 - - [06/Oct/2022:05:19:07 -0700] "GET / HTTP/1.1" 200 309 "http://elitemetrocorp.com/" "Mozilla/5.0 (X11; Linux x86_64) AppleWebKit/537.36 (KHTML, like Gecko) Chrome/104.0.0.0 Safari/537.36" "elitemetrocorp.com"
154.17.95.195 - - [06/Oct/2022:05:19:09 -0700] "GET / HTTP/1.1" 200 309 "http://www.elitemetrocorp.com/" "Mozilla/5.0 (Macintosh; Intel Mac OS X 10.13; rv:101.0) Gecko/20100101 Firefox/101.0" "www.elitemetrocorp.com"
173.50.120.124 - - [06/Oct/2022:05:19:10 -0700] "GET / HTTP/1.1" 200 309 "http://elitemetrocorp.com/" "Mozilla/5.0 (Macintosh; Intel Mac OS X 10.13; rv:99.0) Gecko/20100101 Firefox/99.0" "elitemetrocorp.com"
194.61.113.25 - - [06/Oct/2022:05:19:11 -0700] "GET / HTTP/1.1" 200 309 "http://www.elitemetrocorp.com/" "Mozilla/5.0 (Windows NT 6.1) AppleWebKit/537.36 (KHTML, like Gecko) Chrome/104.0.5005.7066 Safari/537.36" "www.elitemetrocorp.com"
91.108.218.86 - - [06/Oct/2022:05:19:13 -0700] "GET / HTTP/1.1" 200 309 "http://www.elitemetrocorp.com/" "Mozilla/5.0 (Macintosh; Intel Mac OS X 10.13; rv:101.0) Gecko/20100101 Firefox/101.0" "www.elitemetrocorp.com"
176.100.134.234 - - [06/Oct/2022:05:19:13 -0700] "GET / HTTP/1.1" 200 309 "http://elitemetrocorp.com/" "Mozilla/5.0 (X11; Linux x86_64) AppleWebKit/537.36 (KHTML, like Gecko) Chrome/104.0.0.0 Safari/537.36" "elitemetrocorp.com"
194.61.113.25 - - [06/Oct/2022:05:19:14 -0700] "HEAD / HTTP/1.1" 404 - "http://www.elitemetrocorp.com/" "Mozilla/5.0 (Windows NT 6.1) AppleWebKit/537.36 (KHTML, like Gecko) Chrome/104.0.5005.7066 Safari/537.36" "www.elitemetrocorp.com"
154.17.95.195 - - [06/Oct/2022:05:19:15 -0700] "GET / HTTP/1.1" 200 309 "http://www.elitemetrocorp.com/" "Mozilla/5.0 (Macintosh; Intel Mac OS X 10.13; rv:101.0) Gecko/20100101 Firefox/101.0" "www.elitemetrocorp.com"
91.108.199.222 - - [06/Oct/2022:05:19:16 -0700] "GET / HTTP/1.1" 200 309 "http://www.elitemetrocorp.com/" "Mozilla/5.0 (Windows NT 10.0; Win64; x64) AppleWebKit/537.36 (KHTML, like Gecko) Chrome/104.0.5112.81 Safari/537.36 Edg/104.0.1293.47" "www.elitemetrocorp.com"
173.50.120.124 - - [06/Oct/2022:05:19:16 -0700] "HEAD / HTTP/1.1" 404 - "http://elitemetrocorp.com/" "Mozilla/5.0 (Macintosh; Intel Mac OS X 10.13; rv:99.0) Gecko/20100101 Firefox/99.0" "elitemetrocorp.com"
176.100.134.234 - - [06/Oct/2022:05:19:17 -0700] "GET / HTTP/1.1" 200 309 "http://elitemetrocorp.com/" "Mozilla/5.0 (X11; Linux x86_64) AppleWebKit/537.36 (KHTML, like Gecko) Chrome/104.0.0.0 Safari/537.36" "elitemetrocorp.com"
91.108.218.86 - - [06/Oct/2022:05:19:18 -0700] "GET / HTTP/1.1" 200 309 "http://www.elitemetrocorp.com/" "Mozilla/5.0 (Macintosh; Intel Mac OS X 10.13; rv:101.0) Gecko/20100101 Firefox/101.0" "www.elitemetrocorp.com"
154.17.95.195 - - [06/Oct/2022:05:19:19 -0700] "HEAD / HTTP/1.1" 404 - "http://www.elitemetrocorp.com/" "Mozilla/5.0 (Macintosh; Intel Mac OS X 10.13; rv:101.0) Gecko/20100101 Firefox/101.0" "www.elitemetrocorp.com"
74.134.68.94 - - [06/Oct/2022:05:19:19 -0700] "GET / HTTP/1.1" 200 309 "http://www.elitemetrocorp.com/" "Mozilla/5.0 (Macintosh; Intel Mac OS X 10_14_5) AppleWebKit/604.1.28 (KHTML, like Gecko) Version/11.0.0 Safari/604.1.28" "www.elitemetrocorp.com"
91.108.199.222 - - [06/Oct/2022:05:19:20 -0700] "GET / HTTP/1.1" 200 309 "http://www.elitemetrocorp.com/" "Mozilla/5.0 (Windows NT 10.0; Win64; x64) AppleWebKit/537.36 (KHTML, like Gecko) Chrome/104.0.5112.81 Safari/537.36 Edg/104.0.1293.47" "www.elitemetrocorp.com"
74.134.68.94 - - [06/Oct/2022:05:19:23 -0700] "GET / HTTP/1.1" 200 309 "http://www.elitemetrocorp.com/" "Mozilla/5.0 (Macintosh; Intel Mac OS X 10_14_5) AppleWebKit/604.1.28 (KHTML, like Gecko) Version/11.0.0 Safari/604.1.28" "www.elitemetrocorp.com"
176.100.134.234 - - [06/Oct/2022:05:19:23 -0700] "HEAD / HTTP/1.1" 404 - "http://elitemetrocorp.com/" "Mozilla/5.0 (X11; Linux x86_64) AppleWebKit/537.36 (KHTML, like Gecko) Chrome/104.0.0.0 Safari/537.36" "elitemetrocorp.com"
91.108.218.86 - - [06/Oct/2022:05:19:24 -0700] "HEAD / HTTP/1.1" 404 - "http://www.elitemetrocorp.com/" "Mozilla/5.0 (Macintosh; Intel Mac OS X 10_14_5) AppleWebKit/604.1.28 (KHTML, like Gecko) Version/11.0.0 Safari/604.1.28" "www.elitemetrocorp.com"
50.4.187.176 - - [06/Oct/2022:05:19:24 -0700] "GET / HTTP/1.1" 200 309 "http://elitemetrocorp.com/" "Mozilla/5.0 (X11; Linux x86_64) AppleWebKit/537.36 (KHTML, like Gecko) Chrome/104.0.0.0 Safari/537.36" "elitemetrocorp.com"
91.108.199.222 - - [06/Oct/2022:05:19:24 -0700] "GET / HTTP/1.1" 200 309 "http://www.elitemetrocorp.com/" "Mozilla/5.0 (Windows NT 6.1) AppleWebKit/537.36 (KHTML, like Gecko) Chrome/104.0.5005.7066 Safari/537.36" "www.elitemetrocorp.com"
97.98.121.78 - - [06/Oct/2022:05:19:25 -0700] "GET / HTTP/1.1" 200 309 "http://www.elitemetrocorp.com/" "Mozilla/5.0 (Macintosh; Intel Mac OS X 10.13; rv:101.0) Gecko/20100101 Firefox/101.0" "www.elitemetrocorp.com"
74.134.68.94 - - [06/Oct/2022:05:19:28 -0700] "GET / HTTP/1.1" 200 309 "http://www.elitemetrocorp.com/" "Mozilla/5.0 (Macintosh; Intel Mac OS X 10.13; rv:101.0) Gecko/20100101 Firefox/101.0" "www.elitemetrocorp.com"
91.108.199.222 - - [06/Oct/2022:05:19:28 -0700] "HEAD / HTTP/1.1" 404 - "http://www.elitemetrocorp.com/" "Mozilla/5.0 (Windows NT 6.1) AppleWebKit/537.36 (KHTML, like Gecko) Chrome/104.0.5005.7066 Safari/537.36" "www.elitemetrocorp.com"
50.4.187.176 - - [06/Oct/2022:05:19:31 -0700] "GET / HTTP/1.1" 200 309 "http://elitemetrocorp.com/" "Mozilla/5.0 (X11; Linux x86_64) AppleWebKit/537.36 (KHTML, like Gecko) Chrome/104.0.0.0 Safari/537.36" "elitemetrocorp.com"
95.222.30.58 - - [06/Oct/2022:05:19:31 -0700] "GET / HTTP/1.1" 200 309 "http://www.elitemetrocorp.com/" "Mozilla/5.0 (Windows NT 10.0; Win64; x64) AppleWebKit/537.36 (KHTML, like Gecko) Chrome/104.0.5112.81 Safari/537.36 Edg/104.0.1293.47" "www.elitemetrocorp.com"
97.98.121.78 - - [06/Oct/2022:05:19:31 -0700] "GET / HTTP/1.1" 200 309 "http://www.elitemetrocorp.com/" "Mozilla/5.0 (Macintosh; Intel Mac OS X 10.13; rv:101.0) Gecko/20100101 Firefox/101.0" "www.elitemetrocorp.com"
74.134.68.94 - - [06/Oct/2022:05:19:32 -0700] "HEAD / HTTP/1.1" 404 - "http://www.elitemetrocorp.com/" "Mozilla/5.0 (Macintosh; Intel Mac OS X 10.13; rv:101.0) Gecko/20100101 Firefox/101.0" "www.elitemetrocorp.com"
194.177.250.50 - - [06/Oct/2022:05:19:33 -0700] "GET / HTTP/1.1" 200 309 "http://www.elitemetrocorp.com/" "Mozilla/5.0 (Windows NT 6.1) AppleWebKit/537.36 (KHTML, like Gecko) Chrome/104.0.5005.7066 Safari/537.36" "www.elitemetrocorp.com"
194.177.250.50 - - [06/Oct/2022:05:19:34 -0700] "HEAD / HTTP/1.1" 404 - "http://www.elitemetrocorp.com/" "Mozilla/5.0 (Windows NT 6.1) AppleWebKit/537.36 (KHTML, like Gecko) Chrome/104.0.5005.7066 Safari/537.36" "www.elitemetrocorp.com"
95.222.30.58 - - [06/Oct/2022:05:19:36 -0700] "GET / HTTP/1.1" 200 309 "http://www.elitemetrocorp.com/" "Mozilla/5.0 (Windows NT 6.1) AppleWebKit/537.36 (KHTML, like Gecko) Chrome/104.0.5005.7066 Safari/537.36" "www.elitemetrocorp.com"
50.4.187.176 - - [06/Oct/2022:05:19:36 -0700] "GET / HTTP/1.1" 200 309 "http://elitemetrocorp.com/" "Mozilla/5.0 (X11; Linux x86_64) AppleWebKit/537.36 (KHTML, like Gecko) Chrome/104.0.0.0 Safari/537.36" "elitemetrocorp.com"
97.98.121.78 - - [06/Oct/2022:05:19:37 -0700] "GET / HTTP/1.1" 200 309 "http://www.elitemetrocorp.com/" "Mozilla/5.0 (Macintosh; Intel Mac OS X 10.13; rv:101.0) Gecko/20100101 Firefox/101.0" "www.elitemetrocorp.com"
50.4.187.176 - - [06/Oct/2022:05:19:40 -0700] "HEAD / HTTP/1.1" 404 - "http://elitemetrocorp.com/" "Mozilla/5.0 (X11; Linux x86_64) AppleWebKit/537.36 (KHTML, like Gecko) Chrome/104.0.0.0 Safari/537.36" "elitemetrocorp.com"
95.222.30.58 - - [06/Oct/2022:05:19:40 -0700] "GET / HTTP/1.1" 200 309 "http://www.elitemetrocorp.com/" "Mozilla/5.0 (Windows NT 6.1) AppleWebKit/537.36 (KHTML, like Gecko) Chrome/104.0.5005.7066 Safari/537.36" "www.elitemetrocorp.com"
97.98.121.78 - - [06/Oct/2022:05:19:42 -0700] "HEAD / HTTP/1.1" 404 - "http://www.elitemetrocorp.com/" "Mozilla/5.0 (Macintosh; Intel Mac OS X 10.13; rv:101.0) Gecko/20100101 Firefox/101.0" "www.elitemetrocorp.com"
95.222.30.58 - - [06/Oct/2022:05:19:45 -0700] "HEAD / HTTP/1.1" 404 - "http://www.elitemetrocorp.com/" "Mozilla/5.0 (Windows NT 6.1) AppleWebKit/537.36 (KHTML, like Gecko) Chrome/104.0.5005.7066 Safari/537.36" "www.elitemetrocorp.com"
80.73.242.149 - - [06/Oct/2022:05:38:32 -0700] "GET / HTTP/1.1" 200 309 "http://elitemetrocorp.com" "Mozilla/5.0 (Windows NT 10.0; Win64; x64) AppleWebKit/537.36 (KHTML, like Gecko) Chrome/103.0.0.0 Safari/537.36" "elitemetrocorp.com"
80.73.242.149 - - [06/Oct/2022:05:38:35 -0700] "GET /about:blank HTTP/1.1" 200 309 "https://elitemetrocorp.com/" "Mozilla/5.0 (Windows NT 10.0; Win64; x64) AppleWebKit/537.36 (KHTML, like Gecko) Chrome/103.0.0.0 Safari/537.36" "elitemetrocorp.com"
45.146.206.59 - - [06/Oct/2022:06:13:30 -0700] "HEAD / HTTP/1.1" 404 - "-" "Mozilla/5.0 (Windows NT 10.0; WOW64) AppleWebKit/537.36 (KHTML, like Gecko) Chrome/69.0.3497.100 Safari/537.36" "elitemetrocorp.com"
161.123.86.27 - - [06/Oct/2022:06:13:31 -0700] "HEAD / HTTP/1.1" 404 - "-" "Mozilla/5.0 (Windows NT 10.0; WOW64) AppleWebKit/537.36 (KHTML, like Gecko) Chrome/69.0.3497.100 Safari/537.36" "www.elitemetrocorp.com"
69.165.14.74 - - [06/Oct/2022:06:13:32 -0700] "HEAD / HTTP/1.1" 404 - "-" "Mozilla/5.0 (Windows NT 10.0; WOW64) AppleWebKit/537.36 (KHTML, like Gecko) Chrome/69.0.3497.100 Safari/537.36" "www.elitemetrocorp.com"
167.94.138.47 - - [06/Oct/2022:06:43:09 -0700] "GET / HTTP/1.1" 200 309 "-" "Mozilla/5.0 (compatible; CensysInspect/1.1; +https://about.censys.io/)" "www.elitemetrocorp.com"
167.94.138.47 - - [06/Oct/2022:06:43:10 -0700] "GET / HTTP/1.1" 200 309 "-" "Mozilla/5.0 (compatible; CensysInspect/1.1; +https://about.censys.io/)" "www.elitemetrocorp.com"
52.226.210.206 - - [06/Oct/2022:08:08:40 -0700] "GET /robots.txt HTTP/1.1" 200 208 "-" "python-requests/2.27.1" "www.elitemetrocorp.com"
52.226.210.206 - - [06/Oct/2022:08:08:52 -0700] "GET / HTTP/1.1" 200 309 "-" "Mozilla/5.0 (Windows NT 10.0; Win64; x64) AppleWebKit/537.36 (KHTML, like Gecko) Chrome/76.0.3809.100 Safari/537.36" "www.elitemetrocorp.com"
77.75.73.243 - - [06/Oct/2022:08:17:31 -0700] "GET / HTTP/1.1" 200 309 "-" "python-requests/2.18.4" "elitemetrocorp.com"
77.75.72.243 - - [06/Oct/2022:09:52:56 -0700] "GET / HTTP/1.1" 200 309 "-" "python-requests/2.18.4" "elitemetrocorp.com"
34.76.52.171 - - [06/Oct/2022:09:56:04 -0700] "HEAD / HTTP/1.1" 404 - "-" "Apache-HttpClient/4.5.5 (Java/11.0.9)" "www.elitemetrocorp.com"
178.62.82.141 - - [06/Oct/2022:12:49:49 -0700] "GET / HTTP/1.1" 200 309 "-" "Mozilla/5.0 (Windows NT 6.0) AppleWebKit/537.36 (KHTML, like Gecko) Chrome/34.0.1847.116 Safari/537.36" "elitemetrocorp.com"
44.200.179.215 - - [06/Oct/2022:13:28:26 -0700] "GET / HTTP/1.1" 200 309 "-" "axios/0.26.1" "elitemetrocorp.com"
